is the highest common divisor of 177 and 1239?
177
What is the greatest common factor of 1003 and 3740?
17
What is the highest common divisor of 28 and 15106?
14
Calculate the greatest common factor of 779 and 61693.
19
What is the highest common divisor of 4480 and 55920?
80
What is the highest common factor of 12749 and 9089?
61
Calculate the greatest common factor of 97984 and 3328.
64
What is the greatest common factor of 350 and 9002?
14
Calculate the greatest common factor of 12096 and 2496.
192
Calculate the highest common divisor of 817180 and 700.
140
Calculate the greatest common divisor of 869970 and 940.
470
Calculate the highest common factor of 21834 and 50.
2
Calculate the highest common divisor of 9 and 145584.
9
What is the highest common divisor of 64 and 114164?
4
What is the greatest common divisor of 222 and 63159?
111
What is the greatest common divisor of 341 and 582769?
341
What is the highest common factor of 39729 and 3553?
323
What is the highest common factor of 17660 and 100?
20
What is the highest common factor of 6 and 858990?
6
What is the highest common divisor of 6953297 and 247?
247
What is the greatest common divisor of 7564 and 2356?
124
What is the greatest common divisor of 2 and 137012?
2
What is the highest common factor of 6354 and 162?
18
What is the greatest common divisor of 98383 and 74?
37
What is the highest common factor of 262639 and 61321?
1157
What is the greatest common divisor of 10 and 6595?
5
Calculate the greatest common divisor of 97061 and 606.
101
What is the highest common factor of 102557 and 39?
13
What is the highest common divisor of 3277 and 6667?
113
What is the greatest common divisor of 1067201 and 71?
71
What is the greatest common divisor of 6990 and 2118?
6
Calculate the greatest common divisor of 80 and 57940.
20
Calculate the highest common factor of 76903 and 106.
53
Calculate the highest common divisor of 20 and 332060.
20
What is the highest common factor of 104769 and 189?
63
What is the highest common factor of 8634 and 24?
6
What is the greatest common factor of 3854 and 30094?
82
Calculate the highest common divisor of 459744 and 36.
12
Calculate the greatest common factor of 585 and 3044340.
585
Calculate the highest common factor of 1723806 and 378.
126
Calculate the greatest common divisor of 25542 and 451.
11
What is the greatest common divisor of 812 and 5628?
28
What is the greatest common factor of 14 and 23590?
14
What is the highest common factor of 26866 and 2926?
266
What is the greatest common factor of 12070 and 204480?
710
Calculate the highest common factor of 4993890 and 37.
37
What is the greatest common divisor of 450 and 162090?
90
Calculate the highest common factor of 7712 and 120.
8
Calculate the greatest common divisor of 21406 and 29722.
154
What is the greatest common factor of 30 and 262485?
15
What is the greatest common factor of 1120 and 5110?
70
What is the highest common factor of 171227 and 1403?
61
What is the greatest common factor of 5301 and 84?
3
Calculate the greatest common divisor of 1887320 and 232.
232
Calculate the highest common divisor of 444285 and 1215.
405
Calculate the highest common divisor of 81 and 2019.
3
What is the greatest common factor of 2560 and 26464?
32
Calculate the highest common factor of 17898 and 402.
6
What is the highest common divisor of 21904 and 4336?
16
Calculate the highest common divisor of 935 and 86785.
85
Calculate the greatest common factor of 108 and 272676.
12
Calculate the highest common factor of 5412 and 826068.
492
What is the highest common divisor of 905896 and 136?
136
What is the greatest common divisor of 650 and 1090?
10
What is the highest common divisor of 261 and 661707?
9
Calculate the highest common divisor of 47307 and 39.
39
What is the greatest common factor of 4884 and 4?
4
What is the greatest common factor of 21 and 23523?
3
What is the highest common factor of 495 and 9108?
99
Calculate the highest common factor of 2224751 and 1103.
1103
What is the greatest common factor of 2279990 and 529?
529
What is the highest common divisor of 5663172 and 24?
12
Calculate the greatest common divisor of 66572 and 1700.
68
What is the greatest common factor of 6087 and 83?
1
Calculate the greatest common factor of 6129 and 171.
9
Calculate the highest common factor of 645 and 540.
15
What is the highest common factor of 20550 and 10950?
150
Calculate the greatest common divisor of 14625 and 468.
117
Calculate the highest common factor of 3867 and 27.
3
What is the greatest common factor of 170632 and 528?
88
Calculate the greatest common factor of 1260 and 6636.
84
Calculate the greatest common factor of 147 and 35133.
147
What is the greatest common divisor of 1089 and 22671?
99
What is the greatest common divisor of 525 and 229725?
75
Calculate the highest common factor of 533 and 472238.
533
What is the greatest common factor of 154 and 97526?
22
What is the highest common factor of 32964 and 1980?
12
Calculate the greatest common divisor of 90 and 119230.
10
What is the greatest common factor of 8994935 and 5?
5
Calculate the greatest common divisor of 18491 and 165.
11
What is the highest common divisor of 562 and 38?
2
What is the greatest common factor of 582671 and 412?
103
Calculate the highest common divisor of 908370 and 180.
90
Calculate the greatest common factor of 58227 and 1014.
39
What is the greatest common divisor of 108 and 4713?
3
What is the highest common divisor of 35434 and 7?
7
What is the highest common divisor of 256 and 287?
1
What is the highest common factor of 3 and 69591?
3
What is the greatest common factor of 1819 and 731?
17
What is the greatest common factor of 72 and 23096?
8
What is the greatest common factor of 4700 and 14?
2
Calculate the highest common divisor of 18974 and 363012.
358
Calculate the highest common factor of 550 and 1629650.
550
Calculate the greatest common divisor of 735560 and 20.
20
Calculate the greatest common factor of 102463 and 158.
79
What is the highest common factor of 14304 and 96?
96
What is the greatest common divisor of 52913 and 14?
7
Calculate the highest common divisor of 65107 and 14.
7
Calculate the greatest common factor of 127 and 1259.
1
Calculate the highest common divisor of 1915 and 422449.
383
What is the greatest common factor of 554 and 491398?
554
Calculate the greatest common divisor of 642 and 1291062.
642
What is the highest common factor of 2079 and 468?
9
What is the highest common divisor of 93026 and 1158?
386
What is the greatest common factor of 11997 and 217?
31
Calculate the greatest common divisor of 241336 and 251288.
2488
What is the highest common divisor of 47412 and 4829?
439
Calculate the greatest common divisor of 53468 and 8.
4
What is the highest common factor of 165172 and 272?
68
What is the highest common factor of 5070 and 7670?
130
Calculate the highest common factor of 96 and 13044.
12
What is the greatest common factor of 54338 and 807?
269
Calculate the highest common factor of 24126 and 2.
2
Calculate the greatest common factor of 1661067 and 81.
81
What is the greatest common divisor of 7505 and 2765?
395
What is the greatest common factor of 1336 and 776?
8
What is the highest common divisor of 22204 and 28?
28
Calculate the greatest common divisor of 11 and 169.
1
Calculate the highest common divisor of 209 and 315623.
11
Calculate the highest common factor of 16478 and 1034.
22
What is the highest common divisor of 6029472 and 6?
6
Calculate the highest common factor of 206 and 137093.
103
What is the greatest common divisor of 1479 and 306?
51
What is the highest common factor of 88461 and 3?
3
What is the highest common factor of 53 and 848159?
53
What is the greatest common divisor of 486 and 12042?
54
What is the highest common divisor of 756 and 92583?
27
What is the greatest common divisor of 3185582 and 134?
134
What is the highest common factor of 8051 and 1552?
97
Calculate the highest common divisor of 80 and 51760.
80
Calculate the greatest common factor of 1095 and 4075590.
1095
Calculate the greatest common factor of 35 and 364455.
35
What is the greatest common factor of 133445 and 1885?
65
Calculate the highest common factor of 186246 an